 -3?
acb4c
In base 10, what is -3 + -1462?
-1465
In base 4, what is -1111 + 231100?
223323
In base 7, what is 55412 + -55?
55324
In base 12, what is -17650 + -8?
-17658
In base 10, what is 509011 - 19?
508992
In base 7, what is 2 - -603300?
603302
In base 16, what is 7b2 + -8?
7aa
In base 6, what is 332 + -100352?
-100020
In base 3, what is -11 + 1212010000?
1212002212
In base 15, what is -11177 + -6?
-1117d
In base 14, what is 1 + 2877?
2878
In base 9, what is 166 - -23?
200
In base 14, what is 0 - 2abb4?
-2abb4
In base 3, what is 11 + -1011022022?
-1011022011
In base 6, what is 100 + -204311?
-204211
In base 16, what is f - 10ada?
-10acb
In base 11, what is 234 - -1a74?
21a8
In base 9, what is 6 + 384044?
384051
In base 15, what is -4 - 209b1?
-209b5
In base 2, what is 10 - 110010101110111?
-110010101110101
In base 7, what is 144 + 20354?
20531
In base 4, what is 12131 - 22320?
-10123
In base 10, what is -23 + -1327?
-1350
In base 7, what is 3 + 4010054?
4010060
In base 10, what is 105 + -1041?
-936
In base 10, what is 360 - 254?
106
In base 16, what is c0 + 104?
1c4
In base 7, what is 4 - -10165065?
10165102
In base 12, what is 8265 + 50?
82b5
In base 13, what is -4 - -3851?
384a
In base 14, what is 313 + 18?
32b
In base 11, what is -3725 - 218?
-3942
In base 9, what is -6 + -160701?
-160707
In base 4, what is 20303332113 - -3?
20303332122
In base 10, what is -6 + 41123?
41117
In base 10, what is 4 + 20718?
20722
In base 12, what is 19 + -108487?
-10846a
In base 14, what is bc637 - 3?
bc634
In base 15, what is -63 + 1722?
16ae
In base 4, what is -1022 - -220131?
213103
In base 7, what is -4636 + 105?
-4531
In base 3, what is 10 + 12012201?
12012211
In base 8, what is -60 + -17540?
-17620
In base 4, what is -22 - -21130212?
21130130
In base 12, what is -16 + -36114?
-3612a
In base 6, what is -3414445 - 4?
-3414453
In base 7, what is -1535 - 11025?
-12563
In base 2, what is -1011110011 - -10100001?
-1001010010
In base 2, what is -100 - 11111101111100?
-11111110000000
In base 9, what is -7 + -1067?
-1075
In base 11, what is -332 - -146?
-197
In base 12, what is -1b9622 + -5?
-1b9627
In base 6, what is 22 - -241012?
241034
In base 8, what is 3577 + 360?
4157
In base 16, what is -3110a8 + 1?
-3110a7
In base 5, what is 1320341 - -12?
1320403
In base 7, what is 140 - 35?
102
In base 14, what is 366c + -6?
3666
In base 13, what is -105 - 3b8?
-4c0
In base 15, what is 11173 - 38?
1113a
In base 13, what is 76ab6 + b?
76ac4
In base 2, what is -100 + -10100010000000110?
-10100010000001010
In base 10, what is 0 + 733782?
733782
In base 9, what is -65617 + 2?
-65615
In base 15, what is -ae932 - 5?
-ae937
In base 8, what is 5 - 3074026?
-3074021
In base 5, what is -10001 - 3423?
-13424
In base 4, what is -212233 + -10?
-212303
In base 11, what is -717234 + 4?
-717230
In base 11, what is 7 + -81820?
-81814
In base 5, what is 41 + 1?
42
In base 10, what is 1 - 84861?
-84860
In base 3, what is -12 - 110111022100?
-110111022112
In base 10, what is -185 + -3944?
-4129
In base 13, what is -60 + -349?
-3a9
In base 7, what is 1 + -3663?
-3662
In base 10, what is -19 + -7931?
-7950
In base 16, what is 6 - -1b657?
1b65d
In base 2, what is -10 + 11101010111001?
11101010110111
In base 12, what is -3 + -56682?
-56685
In base 5, what is -213 - 32?
-300
In base 7, what is -224533 + 10?
-224523
In base 15, what is -2 + -41e3?
-41e5
In base 10, what is -7 - -71163?
71156
In base 10, what is -4637 - 864?
-5501
In base 2, what is 10110111101111 + -11?
10110111101100
In base 2, what is -1000101001000111 - -100001?
-1000101000100110
In base 10, what is 12 - 13057?
-13045
In base 5, what is 2 + -314303022?
-314303020
In base 11, what is 75 + 25a?
324
In base 9, what is 211227 - -2?
211230
In base 11, what is -1778 + -27?
-17a4
In base 6, what is 303324 + -51?
303233
In base 8, what is -255 + 50610?
50333
In base 15, what is -50 - 162?
-1b2
In base 9, what is -23103 + -108?
-23212
In base 16, what is -4e91c - 4?
-4e920
In base 5, what is -1101034 - -1?
-1101033
In base 9, what is -1078 - 712?
-1801
In base 9, what is 8 + 1436?
1445
In base 16, what is -d + -4c61?
-4c6e
In base 15, what is -1c7 - -732?
55a
In base 8, what is 507 - 5076?
-4367
In base 6, what is 2120430 - 53?
2120333
In base 12, what is 2 - 6202?
-6200
In base 4, what is 322012 + 2?
322020
In base 6, what is 1 + -551331?
-551330
In base 13, what is -c58 + 5a?
-bcb
In base 14, what is 19a85 + a?
19a91
In base 9, what is -5 + 52711?
52705
In base 14, what is -5 + -21142?
-21147
In base 2, what is 1110101011110101000 + 11?
1110101011110101011
In base 14, what is 1 + 2396?
2397
In base 2, what is -110110110 + 110100101111?
101101111001
In base 13, what is a - -698?
6a5
In base 13, what is -116a9 - -1?
-116a8
In base 10, what is 111003 - -2?
111005
In base 12, what is -3 - 84737?
-8473a
In base 12, what is 18 - -b7589?
b75a5
In base 14, what is 0 + -4467?
-4467
In base 9, what is -2001 - -707?
-1183
In base 10, what is -80 - 896?
-976
In base 4, what is -3102211213 + -3?
-3102211222
In base 6, what is 5 - -132510?
132515
In base 7, what is -42436 - -14?
-42422
In base 2, what is -10010000010010001 - 100?
-10010000010010101
In base 5, what is -142140 + -22?
-142212
In base 13, what is 2 - -562a?
562c
In base 14, what is b3 + 54b4?
5587
In base 13, what is 20cb + -11?
20ba
In base 16, what is 5 - -14eff?
14f04
In base 15, what is -e753 - -1c?
-e736
In base 10, what is 3 - -431664?
431667
In base 16, what is -3981 + 4?
-397d
In base 11, what is 661815 + 3?
661818
In base 10, what is 150 - 293?
-143
In base 7, what is 132 + -1053?
-621
In base 16, what is d - -6f855?
6f862
In base 9, what is 28726 - -3?
28730
In base 15, what is 3d1e + 1?
3d20
In base 3, what is 211122120220 - 11?
211122120202
In base 15, what is -1513d8 + 4?
-1513d4
In base 13, what is -bb398 + 6?
-bb392
In base 2, what is 1110 - 1101110110001100?
-1101110101111110
In base 9, what is -1263 + 66?
-1186
In base 12, what is 3 + -2919?
-2916
In base 12, what is -4 + 2a49?
2a45
In base 8, what is 1356333 + 0?
1356333
In base 14, what is -3 - 9476?
-9479
In base 2, what is -1101010000111011 - 0?
-1101010000111011
In base 12, what is 10 - -34822?
34832
In base 3, what is -10 - -10200220101200?
10200220101120
In base 16, what is 0 - 284d?
-284d
In base 9, what is -74121 - -2?
-74118
In base 3, what is 10 - -11020221?
11021001
In base 12, what is -148 + -444?
-590
In base 7, what is 626 + 3266?
4225
In base 15, what is 97e - -20?
99e
In base 9, what is 448524 - -3?
448527
In base 16, what is -2 + -48b61?
-48b63
In base 4, what is -2231112 - -21?
-2231031
In base 15, what is 1b0 + -e1?
be
In base 13, what is -3857 - 24?
-387b
In base 15, what is -20 - -7c72?
7c52
In base 7, what is -1260 + -4414?
-6004
In base 10, what is -4 - -33978?
33974
In base 9, what is -48 - 1356?
-1415
In base 16, what is 1 - -2a83?
2a84
In base 13, what is -1 + 3b9180?
3b917c
In base 14, what is 1d - -937?
956
In base 3, what is 201202100 + -1201?
201200122
In base 6, what is -14053443 - 25?
-14053512
In base 2, what is 10010011010 + 1000001?
10011011011
In base 3, what is -100220102 - 2?
-100220111
In base 7, what is -5 - 41463?
-41501
In base 9, what is -53 - -2307?
2244
In base 9, what is -2 - -13485?
13483
In base 7, what is -2 + 45512?
45510
In base 12, what is 1 + -13377?
-13376
In base 12, what is 38384 + -8?
38378
In base 2, what is -10 - -100011001011111?
100011001011101
In base 3, what is -22 + -12021212112?
-12021212211
In base 10, what is -1 + 316395?
316394
In base 13, what is 2a0ca + -2?
2a0c8
In base 16, what is 33c1 + 0?
33c1
In base 6, what is 2312 - 330?
1542
In base 12, what is 5 - -26472?
26477
In base 13, what is 866 - 760?
106
In base 15, what is -26a54 - 1?
-26a55
In base 10, what is -27 + -300?
-327
In base 3, what is 101 + 20021120?
20021221
In base 16, what is -5f - 75f?
-7be
In base 14, what is 1698 + 109?
17a3
In base 2, what is 110 + 11100101000100001?
11100101000100111
In base 11, what is 76 + -1?
75
In base 15, what is -4 + -8843?
-8847
In base 10, what is 7 + 1416?
1423
In base 3, what is 2201012002 + 2?
2201012011
In base 16, what is 1278c + -2?
1278a
In base 9, what is 2624 + 2?
2626
In base 4, what is -20 - -212122?
212102
In base 14, what is 11 - -